1
What is the remainder when 1928728 is divided by 239?
237
What is the remainder when 39773 is divided by 113?
110
Calculate the remainder when 12765 is divided by 6225.
315
Calculate the remainder when 27546 is divided by 10.
6
What is the remainder when 3813 is divided by 901?
209
What is the remainder when 5218 is divided by 1363?
1129
What is the remainder when 930 is divided by 449?
32
What is the remainder when 28372 is divided by 192?
148
What is the remainder when 167612 is divided by 97?
93
Calculate the remainder when 8222 is divided by 257.
255
What is the remainder when 738689 is divided by 30?
29
Calculate the remainder when 126232 is divided by 31556.
8
What is the remainder when 3932 is divided by 594?
368
What is the remainder when 45840 is divided by 362?
228
What is the remainder when 35323 is divided by 138?
133
What is the remainder when 14350 is divided by 4237?
1639
What is the remainder when 9693 is divided by 75?
18
What is the remainder when 160020 is divided by 41?
38
What is the remainder when 13260 is divided by 172?
16
What is the remainder when 169638 is divided by 183?
180
Calculate the remainder when 55907 is divided by 55888.
19
What is the remainder when 4588 is divided by 668?
580
What is the remainder when 21241 is divided by 156?
25
What is the remainder when 8406735 is divided by 102?
99
What is the remainder when 80620 is divided by 100?
20
Calculate the remainder when 54046 is divided by 23.
19
Calculate the remainder when 743123 is divided by 185779.
7
What is the remainder when 2706 is divided by 872?
90
Calculate the remainder when 18467 is divided by 861.
386
What is the remainder when 359182 is divided by 14?
12
Calculate the remainder when 21376 is divided by 4.
0
What is the remainder when 42101 is divided by 323?
111
Calculate the remainder when 45669 is divided by 22829.
11
Calculate the remainder when 10879 is divided by 18.
7
Calculate the remainder when 85533 is divided by 8.
5
What is the remainder when 18840 is divided by 4570?
560
What is the remainder when 285278 is divided by 95065?
83
Calculate the remainder when 5810 is divided by 17.
13
Calculate the remainder when 26485 is divided by 13191.
103
Calculate the remainder when 30233 is divided by 140.
133
What is the remainder when 6257 is divided by 24?
17
Calculate the remainder when 357 is divided by 89.
1
What is the remainder when 33556 is divided by 37?
34
Calculate the remainder when 123156 is divided by 32.
20
What is the remainder when 7075 is divided by 6716?
359
Calculate the remainder when 60665 is divided by 557.
509
Calculate the remainder when 14367 is divided by 4.
3
What is the remainder when 82149 is divided by 14?
11
Calculate the remainder when 78 is divided by 42.
36
What is the remainder when 191316 is divided by 54?
48
Calculate the remainder when 36787 is divided by 2801.
374
Calculate the remainder when 6500 is divided by 4758.
1742
Calculate the remainder when 55978 is divided by 13992.
10
Calculate the remainder when 51163 is divided by 13.
8
What is the remainder when 999 is divided by 16?
7
Calculate the remainder when 403584 is divided by 101.
89
Calculate the remainder when 95347 is divided by 15891.
1
What is the remainder when 955 is divided by 1?
0
Calculate the remainder when 348 is divided by 159.
30
Calculate the remainder when 22722 is divided by 688.
18
What is the remainder when 24794 is divided by 12391?
12
What is the remainder when 2041 is divided by 31?
26
Calculate the remainder when 2166 is divided by 17.
7
What is the remainder when 32678 is divided by 214?
150
Calculate the remainder when 68367 is divided by 610.
47
Calculate the remainder when 6783 is divided by 3278.
227
Calculate the remainder when 2722 is divided by 331.
74
Calculate the remainder when 1131 is divided by 292.
255
What is the remainder when 2010 is divided by 488?
58
What is the remainder when 3087 is divided by 972?
171
Calculate the remainder when 591428 is divided by 174.
2
What is the remainder when 9231 is divided by 188?
19
What is the remainder when 4772 is divided by 12?
8
What is the remainder when 306270 is divided by 8?
6
Calculate the remainder when 25103 is divided by 28.
15
What is the remainder when 194389 is divided by 156?
13
What is the remainder when 46061 is divided by 15353?
2
Calculate the remainder when 48788 is divided by 97.
94
What is the remainder when 54143 is divided by 244?
219
What is the remainder when 1875 is divided by 623?
6
What is the remainder when 20370 is divided by 198?
174
Calculate the remainder when 202151 is divided by 107.
28
What is the remainder when 156178 is divided by 9?
1
What is the remainder when 18592 is divided by 489?
10
What is the remainder when 256611 is divided by 128302?
7
What is the remainder when 443 is divided by 136?
35
Calculate the remainder when 7381 is divided by 209.
66
What is the remainder when 650403 is divided by 22?
17
What is the remainder when 8752 is divided by 58?
52
What is the remainder when 431261 is divided by 71876?
5
What is the remainder when 4386996 is divided by 328?
324
What is the remainder when 229 is divided by 31?
12
What is the remainder when 31770 is divided by 349?
11
What is the remainder when 5139 is divided by 1709?
12
Calculate the remainder when 68479 is divided by 32.
31
Calculate the remainder when 852020 is divided by 441.
8
Calculate the remainder when 8884 is divided by 2953.
25
Calculate the remainder when 45462 is divided by 358.
354
Calculate the remainder when 7408 is divided by 7386.
22
Calculate the remainder when 34590 is divided by 128.
30
Calculate the remainder when 3291 is divided by 146.
79
What is the remainder when 30964 is divided by 22?
10
Calculate the remainder when 45004 is divided by 67.
47
Calculate the remainder when 630657 is divided by 12.
9
What is the remainder when 7010 is divided by 75?
35
Calculate the remainder when 421465 is divided by 421446.
19
What is the remainder when 354 is divided by 235?
119
What is the remainder when 624565 is divided by 266?
263
What is the remainder when 155577 is divided by 1809?
3
Calculate the remainder when 144235 is divided by 428.
427
What is the remainder when 30646 is divided by 6129?
1
What is the remainder when 53158 is divided by 20?
18
Calculate the remainder when 7231 is divided by 1190.
91
Calculate the remainder when 185990 is divided by 3049.
1
Calculate the remainder when 402457 is divided by 2410.
2397
What is the remainder when 85672 is divided by 336?
328
What is the remainder when 2459 is divided by 408?
11
What is the remainder when 136643 is divided by 34159?
7
What is the remainder when 304 is divided by 66?
40
Calculate the remainder when 236581 is divided by 62.
51
Calculate the remainder when 71807 is divided by 55.
32
What is the remainder when 610126 is divided by 34?
30
Calculate the remainder when 9175 is divided by 218.
19
Calculate the remainder when 5772 is divided by 5757.
15
Calculate the remainder when 499616 is divided by 14.
12
What is the remainder when 16288 is divided by 2713?
10
Calculate the remainder when 845 is divided by 52.
13
Calculate the remainder when 127740 is divided by 788.
84
Calculate the remainder when 11265 is divided by 1200.
465
What is the remainder when 282 is divided by 158?
124
What is the remainder when 14386 is divided by 597?
58
What is the remainder when 9077 is divided by 142?
131
Calculate the remainder when 2078 is divided by 149.
141
What is the remainder when 41753 is divided by 143?
140
Calculate the remainder when 8983 is divided by 2215.
123
What is the remainder when 2561 is divided by 23?
8
Calculate the remainder when 30877 is divided by 161.
126
Calculate the remainder when 24830 is divided by 3102.
14
Calculate the remainder when 58974 is divided by 7.
6
Calculate the remainder when 103833 is divided by 193.
192
What is the remainder when 6924 is divided by 63?
57
Calculate the remainder when 10684 is divided by 2671.
0
Calculate the remainder when 373159 is divided by 1014.
7
What is the remainder when 33002 is divided by 223?
221
Calculate the remainder when 2361998 is divided by 50.
48
What is the remainder when 39595 is divided by 28?
3
Calculate the remainder when 1